the remainder when 595 is divided by 14.
7
Calculate the remainder when 169 is divided by 161.
8
What is the remainder when 474 is divided by 4?
2
Calculate the remainder when 244 is divided by 38.
16
What is the remainder when 29 is divided by 14?
1
What is the remainder when 1231 is divided by 62?
53
Calculate the remainder when 1041 is divided by 10.
1
Calculate the remainder when 156 is divided by 74.
8
Calculate the remainder when 340 is divided by 82.
12
What is the remainder when 1003 is divided by 78?
67
Calculate the remainder when 320 is divided by 21.
5
What is the remainder when 1805 is divided by 24?
5
What is the remainder when 1610 is divided by 49?
42
What is the remainder when 4726 is divided by 29?
28
What is the remainder when 801 is divided by 116?
105
What is the remainder when 697 is divided by 168?
25
Calculate the remainder when 9767 is divided by 28.
23
Calculate the remainder when 7957 is divided by 20.
17
What is the remainder when 95 is divided by 50?
45
Calculate the remainder when 792 is divided by 381.
30
What is the remainder when 4462 is divided by 62?
60
What is the remainder when 601 is divided by 19?
12
Calculate the remainder when 10787 is divided by 3.
2
Calculate the remainder when 473 is divided by 5.
3
Calculate the remainder when 2070 is divided by 109.
108
Calculate the remainder when 24956 is divided by 11.
8
What is the remainder when 99 is divided by 26?
21
Calculate the remainder when 3875 is divided by 68.
67
What is the remainder when 447 is divided by 14?
13
What is the remainder when 512 is divided by 10?
2
What is the remainder when 46 is divided by 12?
10
What is the remainder when 766 is divided by 3?
1
What is the remainder when 2258 is divided by 19?
16
Calculate the remainder when 667 is divided by 97.
85
What is the remainder when 114 is divided by 45?
24
What is the remainder when 2678 is divided by 31?
12
What is the remainder when 270 is divided by 64?
14
Calculate the remainder when 302 is divided by 76.
74
What is the remainder when 223 is divided by 74?
1
What is the remainder when 85 is divided by 74?
11
What is the remainder when 949 is divided by 17?
14
Calculate the remainder when 4433 is divided by 317.
312
What is the remainder when 3541 is divided by 883?
9
What is the remainder when 272 is divided by 116?
40
Calculate the remainder when 784 is divided by 18.
10
Calculate the remainder when 169 is divided by 17.
16
Calculate the remainder when 98 is divided by 25.
23
What is the remainder when 138 is divided by 138?
0
What is the remainder when 74 is divided by 26?
22
Calculate the remainder when 630 is divided by 60.
30
Calculate the remainder when 396 is divided by 128.
12
Calculate the remainder when 143 is divided by 141.
2
Calculate the remainder when 19797 is divided by 22.
19
Calculate the remainder when 100 is divided by 22.
12
What is the remainder when 180 is divided by 54?
18
What is the remainder when 1355 is divided by 339?
338
Calculate the remainder when 716 is divided by 99.
23
Calculate the remainder when 23357 is divided by 20.
17
Calculate the remainder when 1175 is divided by 9.
5
What is the remainder when 393 is divided by 138?
117
Calculate the remainder when 947 is divided by 53.
46
Calculate the remainder when 810 is divided by 201.
6
What is the remainder when 125 is divided by 69?
56
Calculate the remainder when 205 is divided by 43.
33
Calculate the remainder when 117 is divided by 52.
13
Calculate the remainder when 179 is divided by 14.
11
What is the remainder when 948 is divided by 52?
12
Calculate the remainder when 6512 is divided by 13.
12
What is the remainder when 3044 is divided by 113?
106
What is the remainder when 84 is divided by 36?
12
Calculate the remainder when 2022 is divided by 5.
2
What is the remainder when 5012 is divided by 34?
14
What is the remainder when 630 is divided by 161?
147
What is the remainder when 6229 is divided by 1037?
7
What is the remainder when 1585 is divided by 69?
67
Calculate the remainder when 994 is divided by 143.
136
What is the remainder when 57 is divided by 28?
1
What is the remainder when 467 is divided by 53?
43
What is the remainder when 231 is divided by 18?
15
What is the remainder when 416 is divided by 38?
36
What is the remainder when 283 is divided by 73?
64
Calculate the remainder when 184 is divided by 12.
4
What is the remainder when 91 is divided by 38?
15
What is the remainder when 90 is divided by 23?
21
What is the remainder when 962 is divided by 238?
10
What is the remainder when 11560 is divided by 282?
280
What is the remainder when 2361 is divided by 82?
65
Calculate the remainder when 2031 is divided by 226.
223
Calculate the remainder when 3470 is divided by 74.
66
What is the remainder when 3817 is divided by 23?
22
What is the remainder when 118 is divided by 79?
39
What is the remainder when 411 is divided by 89?
55
Calculate the remainder when 25 is divided by 2.
1
What is the remainder when 33 is divided by 2?
1
Calculate the remainder when 397 is divided by 16.
13
What is the remainder when 113 is divided by 13?
9
What is the remainder when 1675 is divided by 56?
51
Calculate the remainder when 1717 is divided by 43.
40
Calculate the remainder when 436 is divided by 19.
18
Calculate the remainder when 994 is divided by 127.
105
What is the remainder when 315 is divided by 21?
0
Calculate the remainder when 15603 is divided by 6.
3
What is the remainder when 86 is divided by 23?
17
Calculate the remainder when 7316 is divided by 1825.
16
Calculate the remainder when 16 is divided by 15.
1
Calculate the remainder when 55 is divided by 7.
6
What is the remainder when 19 is divided by 2?
1
Calculate the remainder when 575 is divided by 32.
31
What is the remainder when 249 is divided by 23?
19
What is the remainder when 1460 is divided by 98?
88
What is the remainder when 403 is divided by 101?
100
Calculate the remainder when 118 is divided by 76.
42
Calculate the remainder when 413 is divided by 111.
80
What is the remainder when 2944 is divided by 141?
124
Calculate the remainder when 992 is divided by 18.
2
What is the remainder when 186 is divided by 79?
28
Calculate the remainder when 15 is divided by 11.
4
Calculate the remainder when 59 is divided by 7.
3
What is the remainder when 107 is divided by 19?
12
What is the remainder when 1243 is divided by 190?
103
What is the remainder when 309 is divided by 56?
29
Calculate the remainder when 13463 is divided by 153.
152
What is the remainder when 466 is divided by 94?
90
Calculate the remainder when 26333 is divided by 7.
6
What is the remainder when 1408 is divided by 47?
45
Calculate the remainder when 4060 is divided by 127.
123
Calculate the remainder when 1157 is divided by 1123.
34
What is the remainder when 232 is divided by 29?
0
What is the remainder when 117 is divided by 38?
3
What is the remainder when 277 is divided by 32?
21
Calculate the remainder when 1980 is divided by 142.
134
Calculate the remainder when 9061 is divided by 103.
100
What is the remainder when 387 is divided by 108?
63
What is the remainder when 2303 is divided by 9?
8
Calculate the remainder when 167 is divided by 52.
11
Calculate the remainder when 86 is divided by 31.
24
Calculate the remainder when 549 is divided by 11.
10
What is the remainder when 905 is divided by 13?
8
What is the remainder when 1209 is divided by 55?
54
Calculate the remainder when 6201 is divided by 22.
19
What is the remainder when 608 is divided by 47?
44
What is the remainder when 345 is divided by 26?
7
What is the remainder when 59 is divided by 11?
4
What is the remainder when 89 is divided by 15?
14
Calculate the remainder when 1657 is divided by 184.
1
Calculate the remainder when 148 is divided by 25.
23
What is the remainder when 377 is divided by 9?
8
Calculate the remainder when 121 is divided by 103.
18
What is the remainder when 700 is divided by 346?
8
What is the remainder when 614 is divided by 82?
40
Calculate the remainder when 100 is divided by 41.
18
Calculate the remainder when 2153 is divided by 1071.
11
What is the remainder when 3247 is divided by 105?
97
What is the remainder when 129 is divided by 12?
9
Calculate the rema